d - -17. What are the prime factors of g?
2, 7
Suppose 0*a + 5*r = 3*a - 9, -2*a = 4*r - 6. Suppose 0 = -5*z - 3*x - 72, 2*z - a + 15 = 3*x. Let u = 17 + z. What are the prime factors of u?
5
What are the prime factors of (-4)/10 - 1720/(-50)?
2, 17
Let k = -10 + 17. Suppose 0 = -b + 16 + k. What are the prime factors of b?
23
Suppose 4*w + w = 25. Suppose -26 = w*c + 4. What are the prime factors of ((-8)/c)/((-4)/(-6))?
2
Let d(y) = 23*y**2 - 1. Let u be d(1). Suppose j - h + 1 = 15, 2*j - u = -h. Let c = 19 - j. List the prime factors of c.
7
Suppose -51 = -5*h + 289. Let c = h - 45. List the prime factors of c.
23
Let q = -182 - -127. What are the prime factors of 3/(-18) + q/(-6)?
3
Suppose 0 = -4*f + 147 - 39. List the prime factors of f.
3
Let k(g) = -g - 6. Let r be k(-9). Suppose u + i = 32, -u + 0*u + 36 = -r*i. What are the prime factors of (-2 - -4)*u/6?
11
List the prime factors of 534/(-9)*3/(-2).
89
Suppose -3*z - 4*g = -37 - 189, 0 = -4*z + g + 276. List the prime factors of z.
2, 5, 7
Let c be 2*79/2 - -3. Let j = -54 + c. What are the prime factors of j?
2, 7
Let k be 8/5*(-90)/(-4). Suppose -y = y + 4*i - k, -4*y + 2*i + 72 = 0. Suppose -5*g + 3*g = -y. List the prime factors of g.
3
Let a be (0 + 5)*(-8)/(-10). Let z(u) = 5*u**2 + 11*u + 15. Let s(c) = 2*c**2 + 4*c + 5. Let d(k) = 8*s(k) - 3*z(k). List the prime factors of d(a).
7
Suppose -237 = -3*a + 3*f, -4*a - f = -61 - 230. What are the prime factors of a?
2, 37
Suppose -3*x + 8*x = 150. What are the prime factors of x?
2, 3, 5
Suppose 2*x - s - 2 = 0, -4*x - 3*s - 2 = -2*s. Suppose x*k = 4*k. Suppose k*t - 4*t + 84 = 0. List the prime factors of t.
3, 7
What are the prime factors of ((-2)/3)/(2/(-111))?
37
Let c(g) be the second derivative of g**4/12 + g**3/6 - g**2 + 4*g. List the prime factors of c(3).
2, 5
Let f = -1 - -3. Suppose 2 + 0 = f*o. List the prime factors of (10/(-4))/(o/(-4)).
2, 5
Let l(n) = 5*n**2 - 2*n + 8. What are the prime factors of l(3)?
47
Let s(j) = j**2 + 5*j + 3. Let h be s(-5). Suppose 8*d - h*d - 80 = 0. List the prime factors of d.
2
Let f = 127 - 87. Suppose -l - 3*l = f. What are the prime factors of (l + -1 + 0)*-1?
11
Let h = 36 + -16. List the prime factors of h.
2, 5
Let b = -7 - -14. List the prime factors of b.
7
Suppose 2*d - 95 = -3*d. Suppose -2*w + 29 = -i - 4*i, -3*i + d = 4*w. List the prime factors of w.
7
Suppose 2*h + 4*g - 38 = h, 0 = 4*h + 3*g - 204. List the prime factors of h.
2, 3
Suppose -2*w + 15 = c, 0 = 2*w + 2*c - 9 - 3. List the prime factors of w.
3
Let h be 2/5 - (-8)/(-20). Suppose 3*o - 6 = -h. Suppose -10 = o*l + 5*y, 0 = l + 3*y - 0*y + 7. What are the prime factors of l?
5
Suppose k + 3*g = 4*k - 18, -3*k + 21 = -2*g. Let o(a) = 4 - 1 + a + 0*a. What are the prime factors of o(k)?
2, 3
Let v(k) = k**3 + 5*k**2 + 2*k + 6. Let i be v(-4). Suppose i + 3 = z. What are the prime factors of z?
17
Let f = -7 + -50. Let r = 97 + f. List the prime factors of r.
2, 5
Suppose -3*v = -4*c - v + 14, -5*c = -2*v - 18. Suppose -g = c*p - 68, -2*p + 11 = 5*g - 5. List the prime factors of p.
2, 3
Let l(m) = -m**3 - 4*m**2 + 8*m + 8. What are the prime factors of l(-6)?
2
Suppose -3*q + 5*i - 2 + 13 = 0, -4*q + 3 = 5*i. What are the prime factors of q?
2
Let q = -13 + 18. Let d = q - -7. What are the prime factors of d?
2, 3
Let h be (16 - 1)/((-3)/(-3)). Suppose 0 = -5*j - 3*c + h, -5*c - 3 = -2*j + j. What are the prime factors of j?
3
Let w = 39 - 57. Let c = w - -29. What are the prime factors of c?
11
Let n(r) = -r**2 - 11*r + 7. List the prime factors of n(-6).
37
Suppose 2 = -w - 2, 4 = -4*i + 4*w. Let c = 5 + i. What are the prime factors of (26 + c/1)/2?
13
Let m(l) be the third derivative of l**8/6720 + l**7/1680 + l**5/60 + 2*l**2. Let x(a) be the third derivative of m(a). What are the prime factors of x(-2)?
2, 3
Let o be 3*-1 + -3 + -3. Let p = 20 + o. What are the prime factors of p?
11
Suppose g = 2*d + 8, -3*d = 4*g - 2*d - 68. List the prime factors of g.
2
Suppose 7*k - 162 = k. What are the prime factors of k?
3
Suppose 0 = -4*w + 3*i + 80, -2*w + 2*i + 40 = i. Let s = w - 6. List the prime factors of s.
2, 7
Let o(k) = -2*k + 6. Let v be o(4). Let f(s) be the third derivative of s**6/120 + s**5/15 + s**4/12 + s**3/6 + s**2. List the prime factors of f(v).
5
List the prime factors of 5 - 2 - (-71 - -7).
67
Let i = 87 + -26. What are the prime factors of i?
61
Let b(g) = -12*g**3 + 2*g**2 + g. Suppose -2*d = 3*a - 2, a + d - 2 = -a. Suppose -2*c - 3*s + 1 = 0, -a*c - 2*s = -0*s. What are the prime factors of b(c)?
13
Let m = 2 - -3. Suppose m*v - 6*v = -35. List the prime factors of v.
5, 7
Suppose -s + 2 = -1. Suppose -8*v - 12 = -s*v - 4*a, -6 = 4*v - 2*a. Let u = 8 + v. List the prime factors of u.
2
Let l = -360 - -204. List the prime factors of l/(-65)*(0 - -20).
2, 3
Suppose 37 = -4*o - g, 2*g + 2*g + 31 = -3*o. Let l = 10 + o. What are the prime factors of (2 + -1)*(l + 19)?
2, 5
What are the prime factors of (2 - 1) + 4 + 2?
7
Suppose -36 = s - 52. List the prime factors of s.
2
Suppose 0*y = -2*y - 2, -3*y = 5*f + 18. What are the prime factors of (-4)/f*(-12)/(-8)?
2
List the prime factors of 86 - (3/12 - (-68)/(-16)).
2, 3, 5
Let h be (-2)/5 + (-85)/(-25). Let b = 6 + h. What are the prime factors of b?
3
Let v(k) = 3*k**2 + 3*k. Let r be v(-2). Let c be r/(-9) + (-20)/6. What are the prime factors of (0 + 1)*-1*c?
2
Let x(w) = 10*w + 31. Let b(p) = 3*p + 10. Suppose -t - 14 = -3*t. Let y(d) = t*b(d) - 2*x(d). What are the prime factors of y(-6)?
2
Let m(f) = 6*f - 23*f + 3 + 0 - 5. Let j be m(-6). Suppose -5*x - 2*k = -j, 3*k + 80 = 6*x - 2*x. What are the prime factors of x?
2, 5
Suppose 283 = 5*t + 3. List the prime factors of t.
2, 7
Suppose 3*m - 213 = 54. List the prime factors of m.
89
Let f(z) be the first derivative of -z**4/4 - z**3 + 3*z**2/2 - z - 3. Let c be f(-4). Suppose -2*w = c*w - 75. List the prime factors of w.
3, 5
Let b = 45 - -25. What are the prime factors of b?
2, 5, 7
What are the prime factors of 1*((-4)/(-10))/((-9)/(-1575))?
2, 5, 7
Let b = 4 - 5. Let t = 1 + b. List the prime factors of 30/3 + t/1.
2, 5
Let b = -37 + 24. Let i = -3 - b. What are the prime factors of i?
2, 5
Let l = 109 - -26. Suppose -l = r - 6*r. What are the prime factors of r?
3
Let l(s) = 2*s + 6. Let f be l(-6). Let p = f + 25. What are the prime factors of p?
19
Let w = -16 + 10. Let i be -18*(3/(-2) - -1). Let q = w + i. List the prime factors of q.
3
Suppose 0 = -2*u - 43 - 17. What are the prime factors of (-490)/u - (-1)/(-3)?
2
Let k be 25/2 + (-4)/(-8). Let y = k - -6. What are the prime factors of y?
19
Suppose 23*p - 18*p - 1875 = 0. List the prime factors of p.
3, 5
Suppose -5*d - 181 = -4*p, 42 + 35 = -2*d - 3*p. Let x = -4 - d. List the prime factors of x.
3, 11
Let m(p) = -p**2 - 8*p + 7. Let q be m(-8). Suppose 0 = -q*n + 4*n - 33. Let w = n + 22. List the prime factors of w.
11
Suppose -3*w - 30 = -2*u, 5*w + 21 = -4*u - 51. Let v = -9 - w. Suppose 0 = -5*d - v*s + 81, 5*d + s = 3*s + 96. List the prime factors of d.
2, 3
Let c(r) = r**2 - r + 11. Suppose -5*j + 25 = 0, -y + 6*y - 3*j + 15 = 0. List the prime factors of c(y).
11
Let b = 642 - 385. What are the prime factors of b?
257
Let g(t) be the first derivative of -t**3/3 - 9*t**2/2 + 2*t - 2. Let n be g(-7). What are the prime factors of n/(-12)*27/(-6)?
2, 3
Let r(k) = -k**2 + 4*k + 8. Let x be r(6). Let s = 25 + x. What are the prime factors of s?
3, 7
Let a(w) = w**2 + 8*w + 1. Let f be a(-8). Suppose 0 = b + f - 6. List the prime factors of b.
5
Let s = -21 - -23. Let f(t) = 9*t + 4. What are the prime factors of f(s)?
2, 11
Suppose 0 = 2*c - 390 - 148. What are the prime factors of c?
269
Let a = 170 + -41. List the prime factors of a.
3, 43
Let n be ((-3)/4)/(9/(-72)). Let k(t) = -t**2 + 5*t + 4. Let x be k(n). Let h(f) = -f**3 + f**2 + f - 2. What are the prime factors of h(x)?
2
Let u = 15 + -27. What are the prime factors of u*(2 - 0)/(-2)?
2, 3
Suppose 3*o + b + 70 = 15, -3*b = 12. Suppose 3 = 3*f + 27. Let k = f - o. List the prime factors of k.
3
What are the prime factors of ((-147)/6)/(-2*2/16)?
2, 7
Suppose c - 12 - 56 = a, 0 = -4*c - 4*a + 240. List the prime factors of c.
2
Suppose h - 10 = -3*k, 3*